{"id":76,"date":"2017-08-17T10:05:29","date_gmt":"2017-08-17T10:05:29","guid":{"rendered":"http:\/\/galbanatuldenord.ro\/?page_id=76"},"modified":"2018-10-04T14:37:31","modified_gmt":"2018-10-04T11:37:31","slug":"scop-si-obiective","status":"publish","type":"page","link":"https:\/\/galbanatuldenord.ro\/ex1\/scop-si-obiective\/","title":{"rendered":"Scop \u0219i obiective"},"content":{"rendered":"\t\t<div data-elementor-type=\"wp-post\" data-elementor-id=\"76\" class=\"elementor elementor-76 elementor-bc-flex-widget\" data-elementor-post-type=\"page\">\n\t\t\t\t\t\t<section class=\"elementor-section elementor-top-section elementor-element elementor-element-ouna34v elementor-section-boxed elementor-section-height-default elementor-section-height-default\" data-id=\"ouna34v\" data-element_type=\"section\">\n\t\t\t\t\t\t<div class=\"elementor-container elementor-column-gap-default\">\n\t\t\t\t\t<div class=\"elementor-column elementor-col-100 elementor-top-column elementor-element elementor-element-juc3akc\" data-id=\"juc3akc\" data-element_type=\"column\">\n\t\t\t<div class=\"elementor-widget-wrap elementor-element-populated\">\n\t\t\t\t\t\t<div class=\"elementor-element elementor-element-wk5j0pn elementor-widget elementor-widget-heading\" data-id=\"wk5j0pn\" data-element_type=\"widget\" data-widget_type=\"heading.default\">\n\t\t\t\t<div class=\"elementor-widget-container\">\n\t\t\t<h1 class=\"elementor-heading-title elementor-size-default\">OBIECTIVE, PRIORIT\u0102\u021aI \u0218I DOMENII DE INTERVEN\u021aIE<\/h1>\t\t<\/div>\n\t\t\t\t<\/div>\n\t\t\t\t\t<\/div>\n\t\t<\/div>\n\t\t\t\t\t<\/div>\n\t\t<\/section>\n\t\t\t\t<section class=\"elementor-section elementor-top-section elementor-element elementor-element-a7sys5u elementor-section-boxed elementor-section-height-default elementor-section-height-default\" data-id=\"a7sys5u\" data-element_type=\"section\">\n\t\t\t\t\t\t<div class=\"elementor-container elementor-column-gap-default\">\n\t\t\t\t\t<div class=\"elementor-column elementor-col-100 elementor-top-column elementor-element elementor-element-fk1ifgs\" data-id=\"fk1ifgs\" data-element_type=\"column\">\n\t\t\t<div class=\"elementor-widget-wrap elementor-element-populated\">\n\t\t\t\t\t\t<div class=\"elementor-element elementor-element-qq3g4mm elementor-widget elementor-widget-text-editor\" data-id=\"qq3g4mm\" data-element_type=\"widget\" data-widget_type=\"text-editor.default\">\n\t\t\t\t<div class=\"elementor-widget-container\">\n\t\t\t\t\t\t\t<p style=\"text-align: left;\">\u00cen baza analizei diagnostic a teritoriului \u0219i a analizei SWOT, precum \u0219i \u00een urma consult\u0103rilor publice s-au stabilit \u00a0obiectivele, priorit\u0103\u021bile de dezvoltare rural\u0103 \u0219i domeniile de interven\u021bie, precum \u0219i m\u0103surile ce sunt incluse \u00een strategie.Astfel \u00een cadrul obiectivului de dezvoltare rural\u0103 <strong><u>Favorizarea competitivit\u0103\u021bii agriculturii<\/u><\/strong> \u2013 Prioritatea 1: \u00cencurajarea transferului de cuno\u0219tin\u021be \u0219i a inov\u0103rii \u00een agricultur\u0103, silvicultur\u0103 \u0219i \u00een zonele rurale domeniul de interven\u021bie -1A) \u00cencurajarea inov\u0103rii, a cooper\u0103rii \u0219i a cre\u0103rii unei baze de cuno\u0219tin\u021be \u00een zonele rurale \u2013 s-a stabilit \u00a0\u00een SDL \u00a0<strong>M\u0103sura 5\/1A Promovarea asociativit\u0103\u021bii, inov\u0103rii \u0219i transferului de cuno\u0219tin\u021be din teritoriul Banatul de Nord; <\/strong>pentru Prioritatea 2: Cre\u0219terea viabilit\u0103\u021bii exploata\u021biilor \u0219i a competitivit\u0103\u021bii tuturor tipurilor de agricultur\u0103 \u00een toate regiunile \u0219i promovarea tehnologiilor agricole inovatoare \u0219i a gestion\u0103rii durabile a p\u0103durilor \u2013 domeniul de interven\u021bie 2A) \u00cembun\u0103t\u0103\u021birea performan\u021bei economice a tuturor exploata\u021biilor agricole \u0219i facilitarea restructur\u0103rii \u0219i moderniz\u0103rii exploata\u021biilor, \u00een special \u00een vederea cre\u0219terii particip\u0103rii pe pia\u021b\u0103 \u0219i a orient\u0103rii spre pia\u021b\u0103, precum \u0219i a diversific\u0103rii activit\u0103\u021bilor agricole \u2013 M\u0103sura stabilit\u0103 \u00een SDL este \u00a0<strong>M2\/2A Solu\u021bi inovative pentru o agricultur\u0103 competitiv\u0103 \u00een teritoriul<\/strong> <strong>Banatul de Nord<\/strong>;<\/p><p>La obiectivul de dezvoltare rural\u0103 <strong>Ob\u021binerea unei dezvolt\u0103ri teritoriale\u00a0 echilibrate a economiilor \u0219i comunit\u0103\u021bilor\u00a0 rurale, inclusiv \u00a0crearea \u0219i men\u021binerea de locuri de munc\u0103:<\/strong><\/p><p>&#8211;\u00a0 Prioritatea 6: Promovarea incluziunii sociale, a reducerii s\u0103r\u0103ciei \u0219i a dezvolt\u0103rii economice \u00een zonele rurale domeniul de interven\u021bie 6B) \u00cencurajarea dezvolt\u0103rii locale \u00een zonele rurale \u2013 s-a stabilit\u00a0 \u00een SDL <strong>M\u0103sura1\/6B Dezvoltarea \u0219i modernizarea satelor din teritoriul Banatul de Nord;<\/strong><\/p><p>&#8211; Prioritatea 6: Promovarea incluziunii sociale, a reducerii s\u0103r\u0103ciei \u0219i a dezvolt\u0103rii economice \u00een zonele rurale domeniul de interven\u021bie 6A) Facilitarea diversific\u0103rii, a \u00eenfiin\u021b\u0103rii \u0219i a dezvolt\u0103rii de \u00eentreprinderi mici, precum \u0219i crearea de locuri de munc\u0103 &#8211; m\u0103sura stabilit\u0103 \u00een SDL este \u00a0<strong>M3\/6A Dezvoltarea activit\u0103\u021bilor non-agricole \u00een teritoriul Banatul de Nord.<\/strong><\/p><p>&#8211; Prioritatea 6: Promovarea incluziunii sociale, a reducerii s\u0103r\u0103ciei \u0219i a dezvolt\u0103rii economice \u00een zonele rurale domeniul de interventie 6B) \u00cencurajarea dezvolt\u0103rii locale \u00een zonele rurale s-a stabilit <strong>M\u0103sura 4\/6B Promovarea incluziunii sociale \u00een teritoriul Banatul de Nord<\/strong>.<\/p><p><strong><em><u>Ierarhizarea priorit\u0103\u021bilor stabilite \u0219i m\u0103surile propuse :<\/u><\/em><\/strong><\/p><ol><li>Prioritatea 6: Promovarea incluziunii sociale, a reducerii s\u0103r\u0103ciei \u0219i a dezvolt\u0103rii economice \u00een zonele rurale, sunt incluse trei m\u0103suri, ierahizate astfel respectiv: 1) M1\/6B, 2) M3\/6A \u0219i 3) M4\/6B.<\/li><li>Prioritatea 2: Cre\u0219terea viabilit\u0103\u021bii exploata\u021biilor \u0219i a competitivit\u0103\u021bii tuturor tipurilor de agricultur\u0103 \u00een toate regiunile \u0219i promovarea tehnologiilor agricole inovatoare \u0219i a gestion\u0103rii durabile a p\u0103durilor \u2013m\u0103sura M2\/2A.<\/li><\/ol><ol start=\"3\"><li>Prioritatea 1: \u00cencurajarea transferului de cuno\u0219tin\u021be \u0219i a inov\u0103rii \u00een agricultur\u0103, silvicultur\u0103 \u0219i \u00een zonele rurale &#8211; stabilindu-se m\u0103sura M5\/1A.<\/li><\/ol><p>Logica interven\u021biei de programare a SDL<\/p><table border=\"1px solid #000000\" width=\"100%\"><tbody><tr><td rowspan=\"7\" width=\"100\"><p style=\"text-align: center;\"><strong>Obiectivul de dezvoltare rural\u0103 1 <\/strong><strong>\u00a0<\/strong><\/p><p style=\"text-align: center;\"><strong><em>Favorizarea competitivit\u0103\u021bii agriculturii<\/em><\/strong><\/p><p style=\"text-align: center;\"><strong>Obiective transversale <\/strong><\/p><p style=\"text-align: center;\"><strong>Inovare <\/strong><\/p><\/td><td style=\"text-align: center;\" width=\"150\"><strong>Priorit\u0103\u021bi de\u00a0 dezvoltare rural\u0103 <\/strong><\/td><td style=\"text-align: center;\" width=\"100\"><strong>Domenii de interven\u021bie <\/strong><\/td><td style=\"text-align: center;\" width=\"70\"><strong>M\u0103suri <\/strong><\/td><td style=\"text-align: center;\" width=\"239\"><strong>Indicatori de rezultat <\/strong><\/td><\/tr><tr><td rowspan=\"4\" width=\"72\"><p style=\"text-align: center;\">P1:<\/p><\/td><td style=\"text-align: center;\" rowspan=\"4\" width=\"50\">1A<\/td><td style=\"text-align: center;\" rowspan=\"4\" width=\"32\">M5<\/td><td width=\"239\">Cheltuieli publice totale \u2013 50 000 euro<\/td><\/tr><tr><td width=\"239\">Num\u0103rul total al participan\u021bilor instrui\u021bi -12<\/td><\/tr><tr><td width=\"239\">Num\u0103rul locurilor de munc\u0103 nou create &#8211; 2<\/td><\/tr><tr><td width=\"239\">Num\u0103rul\u00a0 comunit\u0103\u021bilor &#8211; 8<\/td><\/tr><tr><td style=\"text-align: center;\" rowspan=\"2\" width=\"72\">P2<\/td><td style=\"text-align: center;\" rowspan=\"2\" width=\"50\">2A<\/td><td style=\"text-align: center;\" rowspan=\"2\" width=\"32\">M2<\/td><td width=\"239\"><p>Num\u0103r de exploata\u0163ii agricole\/<\/p><p>beneficiari sprijiniti &#8211; 5<\/p><\/td><\/tr><tr><td width=\"239\">Num\u0103r de locuri de munc\u0103 nou create -2<\/td><\/tr><tr><td rowspan=\"9\" width=\"90\"><p style=\"text-align: center;\"><strong>Obiectivul de dezvoltare rural\u0103\u00a0 3<\/strong><\/p><p style=\"text-align: center;\"><strong>\u00a0\u201d<em>Ob\u021binerea unei dezvolt\u0103ri teritoriale\u00a0 echilibrate a economiilor \u0219i comunit\u0103\u021bilor\u00a0 rurale, inclusiv crearea \u0219i men\u021binerea de locuri de munc\u0103\u201d<\/em><\/strong><\/p><p style=\"text-align: center;\"><strong>Obiective transversale <\/strong><\/p><p style=\"text-align: center;\"><strong>Mediu &#8211; clim\u0103 , inovare<\/strong><\/p><\/td><td style=\"text-align: center;\" width=\"72\">Priorit\u0103\u021bi de\u00a0 dezvoltare rural\u0103<\/td><td style=\"text-align: center;\" width=\"50\">Domenii de interven\u021bie<\/td><td style=\"text-align: center;\" width=\"32\">M\u0103suri<\/td><td width=\"239\">Indicatori de rezultat<\/td><\/tr><tr><td style=\"text-align: center;\" rowspan=\"3\" width=\"72\">P6<\/td><td style=\"text-align: center;\" rowspan=\"3\" width=\"50\">6B<\/td><td style=\"text-align: center;\" rowspan=\"3\" width=\"32\">M1<\/td><td width=\"239\">Popula\u021bia net\u0103 care beneficiaz\u0103 de servicii\/infrastructuri\u00a0 \u00eembun\u0103t\u0103\u021bite -17232<\/td><\/tr><tr><td width=\"239\"><p>Num\u0103r de UAT sprijinite &#8211; 8<\/p><p>\u00a0<\/p><\/td><\/tr><tr><td width=\"239\"><p>Num\u0103r de locuri de munc\u0103 nou create &#8211; 2<\/p><p>\u00a0<\/p><\/td><\/tr><tr><td style=\"text-align: center;\" rowspan=\"2\" width=\"72\">P6<\/td><td style=\"text-align: center;\" rowspan=\"2\" width=\"50\">6A<\/td><td style=\"text-align: center;\" rowspan=\"2\" width=\"32\">M3<\/td><td width=\"239\">Locuri de munc\u0103 nou create &#8211; 8<\/td><\/tr><tr><td width=\"239\">Num\u0103r de beneficiari sprijini\u021bi &#8211; 8<\/td><\/tr><tr><td style=\"text-align: center;\" rowspan=\"3\" width=\"72\">P6<\/td><td style=\"text-align: center;\" rowspan=\"3\" width=\"50\">6B<\/td><td style=\"text-align: center;\" rowspan=\"3\" width=\"32\">M4<\/td><td width=\"239\">Popula\u021bia net\u0103 care beneficiaz\u0103 de servicii\/infrastructuri \u00eembun\u0103t\u0103\u021bite &#8211; 2800<\/td><\/tr><tr><td width=\"239\">Num\u0103rul locurilor de munc\u0103 nou create &#8211; 8<\/td><\/tr><tr><td width=\"239\">Num\u0103rul Centrelor Multifunc\u021bionale de Dezvoltare Integrate (CMDI) &#8211; 1<\/td><\/tr><\/tbody><\/table><p>\u00a0<\/p><table border=\"1px solid #000000\" width=\"100%\"><tbody><tr><td width=\"73\"><strong>DENUMIRE M\u0102SUR\u0102<\/strong><\/td><td width=\"410\"><strong>CONTRIBU\u021aIA LA OBIECTIVELE TRANSVERSALE\u00a0 (Mediu, Clim\u0103, Inovare), CARACTERUL INOVATOR\u00a0 AL M<\/strong><strong>\u0102<\/strong><strong>SURII<\/strong><\/td><\/tr><tr><td width=\"72\"><strong>M1\/6B <\/strong><\/td><td width=\"410\"><p><u>Inovare-<\/u> prive\u0219te modernizarea satului \u00een teritoriul intravilan -habitatul satului\u00a0 &#8211; pentru a-l face mai atractiv prin realizarea de parcuri, locuri de joac\u0103 pentru copii \u00een zonele neutilizate \u0219i aflate \u00een paragin\u0103 din intravilan, c\u0103i de acces, sta\u021bii de a\u0219teptare a mijloacelor de transport \u00een comun etc.<\/p><p><u>Mediu, Clim\u0103-<\/u> finan\u021beaz\u0103 amenajarea de spa\u021bii verzi \u0219i investi\u021bii \u00een produc\u021bia de energie regenerabila doar ca o component\u0103 a unei investi\u021bi publice.<\/p><\/td><\/tr><tr><td width=\"72\"><strong>M2\/2A <\/strong><\/td><td width=\"410\">Inovare -se adreseaz\u0103 clar unor unor activit\u0103\u021bi agricole deficitare conform nevoilor\u00a0 rezultate din analiza SWOT. Totodat\u0103 masura \u00eencurajeaj\u0103 activita\u021bi ce au impact pentru un teritoriu vast din GAL (Ex: abator mobil). Contribuie la obiectivele transversal de mediu \u0219i clim\u0103 prin faptul c\u0103 are ca \u0219i criteriu de selec\u021bie proiectele care utilizeaz\u0103 energia produs\u0103 din surse regenerabile.<\/td><\/tr><tr><td width=\"72\"><strong>M3\/6A <\/strong><\/td><td width=\"410\">Caracterul inovativ prin faptul c\u0103 se adreseaz\u0103 \u00een mod prioritar unor activit\u0103\u021bi\/investi\u021bi care folosesc material \u0219i resurse din teritoriu \u0219i se adreseaz\u0103 teritoriului a mai mult de 2 UAT din GAL. Contribuie la obiectivele transversal de mediu \u0219i clim\u0103 prin faptul c\u0103 are ca \u0219i criteriu de selec\u021bie proiectele care utilizeaz\u0103 energia produs\u0103 din surse regenerabile.<\/td><\/tr><tr><td width=\"72\"><strong>M4\/6B <\/strong><\/td><td width=\"410\">Inovare -se adreseaz\u0103 clar unor unor activit\u0103\u021bi din sectoare deficitare conform nevoilor\u00a0 rezultate din analiza SWOT. Solu\u021bia inovativ\u0103 survine \u0219i prin abordarea problemei sociale din perspectiva concentr\u0103rii \u00een poli de vulnerabilitate social.<\/td><\/tr><tr><td width=\"72\"><strong>M5\/1A<\/strong><\/td><td width=\"410\">Inovare -se adreseaz\u0103 clar unor unor activit\u0103\u021bi din sectoare deficitare conform nevoilor\u00a0 rezultate din analiza SWOT<\/td><\/tr><\/tbody><\/table><p>Caracterul integrat este dat de faptul c\u0103 toate masurile \u00eencluse \u00een SDL din domenii distincte vin \u00een spijinul dezvolt\u0103rii mediului rural, iar caracterul inovator al Strategiei reiese din includerea \u00een aceasta a masurilor cu caracter inovator .<\/p>\t\t\t\t\t\t<\/div>\n\t\t\t\t<\/div>\n\t\t\t\t\t<\/div>\n\t\t<\/div>\n\t\t\t\t\t<\/div>\n\t\t<\/section>\n\t\t\t\t<\/div>\n\t\t","protected":false},"excerpt":{"rendered":"<p>OBIECTIVE, PRIORIT\u0102\u021aI \u0218I DOMENII DE INTERVEN\u021aIE \u00cen baza analizei diagnostic a teritoriului \u0219i a analizei SWOT, precum \u0219i \u00een urma consult\u0103rilor publice s-au stabilit \u00a0obiectivele, priorit\u0103\u021bile de dezvoltare rural\u0103 \u0219i domeniile de interven\u021bie, precum \u0219i m\u0103surile ce sunt incluse \u00een strategie.Astfel \u00een cadrul obiectivului de dezvoltare rural\u0103 Favorizarea competitivit\u0103\u021bii agriculturii \u2013 Prioritatea 1: \u00cencurajarea transferului [&hellip;]<\/p>\n","protected":false},"author":1,"featured_media":0,"parent":0,"menu_order":0,"comment_status":"closed","ping_status":"closed","template":"","meta":{"ocean_post_layout":"full-screen","ocean_both_sidebars_style":"","ocean_both_sidebars_content_width":0,"ocean_both_sidebars_sidebars_width":0,"ocean_sidebar":"0","ocean_second_sidebar":"0","ocean_disable_margins":"enable","ocean_add_body_class":"","ocean_shortcode_before_top_bar":"","ocean_shortcode_after_top_bar":"","ocean_shortcode_before_header":"","ocean_shortcode_after_header":"","ocean_has_shortcode":"","ocean_shortcode_after_title":"","ocean_shortcode_before_footer_widgets":"","ocean_shortcode_after_footer_widgets":"","ocean_shortcode_before_footer_bottom":"","ocean_shortcode_after_footer_bottom":"","ocean_display_top_bar":"default","ocean_display_header":"default","ocean_header_style":"","ocean_center_header_left_menu":"0","ocean_custom_header_template":"0","ocean_custom_logo":0,"ocean_custom_retina_logo":0,"ocean_custom_logo_max_width":0,"ocean_custom_logo_tablet_max_width":0,"ocean_custom_logo_mobile_max_width":0,"ocean_custom_logo_max_height":0,"ocean_custom_logo_tablet_max_height":0,"ocean_custom_logo_mobile_max_height":0,"ocean_header_custom_menu":"0","ocean_menu_typo_font_family":"0","ocean_menu_typo_font_subset":"","ocean_menu_typo_font_size":0,"ocean_menu_typo_font_size_tablet":0,"ocean_menu_typo_font_size_mobile":0,"ocean_menu_typo_font_size_unit":"px","ocean_menu_typo_font_weight":"","ocean_menu_typo_font_weight_tablet":"","ocean_menu_typo_font_weight_mobile":"","ocean_menu_typo_transform":"","ocean_menu_typo_transform_tablet":"","ocean_menu_typo_transform_mobile":"","ocean_menu_typo_line_height":0,"ocean_menu_typo_line_height_tablet":0,"ocean_menu_typo_line_height_mobile":0,"ocean_menu_typo_line_height_unit":"","ocean_menu_typo_spacing":0,"ocean_menu_typo_spacing_tablet":0,"ocean_menu_typo_spacing_mobile":0,"ocean_menu_typo_spacing_unit":"","ocean_menu_link_color":"","ocean_menu_link_color_hover":"","ocean_menu_link_color_active":"","ocean_menu_link_background":"","ocean_menu_link_hover_background":"","ocean_menu_link_active_background":"","ocean_menu_social_links_bg":"","ocean_menu_social_hover_links_bg":"","ocean_menu_social_links_color":"","ocean_menu_social_hover_links_color":"","ocean_disable_title":"default","ocean_disable_heading":"default","ocean_post_title":"","ocean_post_subheading":"","ocean_post_title_style":"","ocean_post_title_background_color":"","ocean_post_title_background":0,"ocean_post_title_bg_image_position":"","ocean_post_title_bg_image_attachment":"","ocean_post_title_bg_image_repeat":"","ocean_post_title_bg_image_size":"","ocean_post_title_height":0,"ocean_post_title_bg_overlay":0.5,"ocean_post_title_bg_overlay_color":"","ocean_disable_breadcrumbs":"default","ocean_breadcrumbs_color":"","ocean_breadcrumbs_separator_color":"","ocean_breadcrumbs_links_color":"","ocean_breadcrumbs_links_hover_color":"","ocean_display_footer_widgets":"default","ocean_display_footer_bottom":"default","ocean_custom_footer_template":"0","footnotes":""},"_links":{"self":[{"href":"https:\/\/galbanatuldenord.ro\/ex1\/wp-json\/wp\/v2\/pages\/76"}],"collection":[{"href":"https:\/\/galbanatuldenord.ro\/ex1\/wp-json\/wp\/v2\/pages"}],"about":[{"href":"https:\/\/galbanatuldenord.ro\/ex1\/wp-json\/wp\/v2\/types\/page"}],"author":[{"embeddable":true,"href":"https:\/\/galbanatuldenord.ro\/ex1\/wp-json\/wp\/v2\/users\/1"}],"replies":[{"embeddable":true,"href":"https:\/\/galbanatuldenord.ro\/ex1\/wp-json\/wp\/v2\/comments?post=76"}],"version-history":[{"count":10,"href":"https:\/\/galbanatuldenord.ro\/ex1\/wp-json\/wp\/v2\/pages\/76\/revisions"}],"predecessor-version":[{"id":802,"href":"https:\/\/galbanatuldenord.ro\/ex1\/wp-json\/wp\/v2\/pages\/76\/revisions\/802"}],"wp:attachment":[{"href":"https:\/\/galbanatuldenord.ro\/ex1\/wp-json\/wp\/v2\/media?parent=76"}],"curies":[{"name":"wp","href":"https:\/\/api.w.org\/{rel}","templated":true}]}}